{"id":1309,"date":"2019-06-24T14:48:29","date_gmt":"2019-06-24T13:48:29","guid":{"rendered":"https:\/\/curimo.pt\/page\/?page_id=1309"},"modified":"2019-07-23T16:30:21","modified_gmt":"2019-07-23T15:30:21","slug":"formulario-recrutamento","status":"publish","type":"page","link":"https:\/\/curimo.pt\/page\/formulario-recrutamento\/","title":{"rendered":"Formul\u00e1rio de Recrutamento"},"content":{"rendered":"<h3>Formul\u00e1rio de candidatura<\/h3>\n<div role=\"form\" class=\"wpcf7\" id=\"wpcf7-f1308-o1\" lang=\"pt-PT\" dir=\"ltr\">\n<div class=\"screen-reader-response\"><p role=\"status\" aria-live=\"polite\" aria-atomic=\"true\"><\/p> <ul><\/ul><\/div>\n<form action=\"\/page\/wp-json\/wp\/v2\/pages\/1309#wpcf7-f1308-o1\" method=\"post\" class=\"wpcf7-form init\" enctype=\"multipart\/form-data\" novalidate=\"novalidate\" data-status=\"init\">\n<div style=\"display: none;\">\n<input type=\"hidden\" name=\"_wpcf7\" value=\"1308\" \/>\n<input type=\"hidden\" name=\"_wpcf7_version\" value=\"5.6.4\" \/>\n<input type=\"hidden\" name=\"_wpcf7_locale\" value=\"pt_PT\" \/>\n<input type=\"hidden\" name=\"_wpcf7_unit_tag\" value=\"wpcf7-f1308-o1\" \/>\n<input type=\"hidden\" name=\"_wpcf7_container_post\" value=\"0\" \/>\n<input type=\"hidden\" name=\"_wpcf7_posted_data_hash\" value=\"\" \/>\n<\/div>\n<p><label> O seu nome (obrigat\u00f3rio)<br \/>\n    <span class=\"wpcf7-form-control-wrap\" data-name=\"your-name\"><input type=\"text\" name=\"your-name\" value=\"\" size=\"40\" class=\"wpcf7-form-control wpcf7-text wpcf7-validates-as-required\" aria-required=\"true\" aria-invalid=\"false\" \/><\/span> <\/label><\/p>\n<p><label> O seu email (obrigat\u00f3rio)<br \/>\n    <span class=\"wpcf7-form-control-wrap\" data-name=\"your-email\"><input type=\"email\" name=\"your-email\" value=\"\" size=\"40\" class=\"wpcf7-form-control wpcf7-text wpcf7-email wpcf7-validates-as-required wpcf7-validates-as-email\" aria-required=\"true\" aria-invalid=\"false\" \/><\/span> <\/label><\/p>\n<p><label> Telefone (obrigat\u00f3rio)<br \/>\n    <span class=\"wpcf7-form-control-wrap\" data-name=\"tel-728\"><input type=\"tel\" name=\"tel-728\" value=\"\" size=\"40\" class=\"wpcf7-form-control wpcf7-text wpcf7-tel wpcf7-validates-as-required wpcf7-validates-as-tel\" aria-required=\"true\" aria-invalid=\"false\" \/><\/span> <\/label><\/p>\n<p><label> \u00c1rea de Candidatura<br \/>\n<span class=\"wpcf7-form-control-wrap\" data-name=\"menu-100\"><select name=\"menu-100\" class=\"wpcf7-form-control wpcf7-select wpcf7-validates-as-required\" aria-required=\"true\" aria-invalid=\"false\"><option value=\"Eletricista\">Eletricista<\/option><option value=\"T\u00e9cnicos de Climatiza\u00e7\u00e3o e Refrigera\u00e7\u00e3o\">T\u00e9cnicos de Climatiza\u00e7\u00e3o e Refrigera\u00e7\u00e3o<\/option><option value=\"Mec\u00e2nicos de Ar Condicionado\">Mec\u00e2nicos de Ar Condicionado<\/option><\/select><\/span><\/label><\/p>\n<p><label> A sua mensagem<br \/>\n    <span class=\"wpcf7-form-control-wrap\" data-name=\"your-message\"><textarea name=\"your-message\" cols=\"40\" rows=\"10\" class=\"wpcf7-form-control wpcf7-textarea\" aria-invalid=\"false\"><\/textarea><\/span> <\/label><\/p>\n<p><label> Anexe documentos \u00e0 sua candidatura (ex: CV, Carta de Apresenta\u00e7\u00e3o, Certificado de Habilita\u00e7\u00f5es, etc.)<br \/>\n<label> *ficheiros permitidos PDF, PNG, DOC, DOCX<br \/>\n<span class=\"wpcf7-form-control-wrap\" data-name=\"file-995\"><input type=\"file\" name=\"file-995\" size=\"40\" class=\"wpcf7-form-control wpcf7-file\" accept=\".pdf,.png,.doc,.docx\" aria-invalid=\"false\" \/><\/span> <\/label><\/p>\n<p><label><br \/>\n    [recaptcha] <\/label><\/p>\n<p><input type=\"submit\" value=\"Enviar Candidatura\" class=\"wpcf7-form-control has-spinner wpcf7-submit\" \/><\/p>\n<div class=\"wpcf7-response-output\" aria-hidden=\"true\"><\/div><\/form><\/div>\n","protected":false},"excerpt":{"rendered":"<p>Formul\u00e1rio de candidatura<\/p>\n","protected":false},"author":1,"featured_media":0,"parent":0,"menu_order":0,"comment_status":"closed","ping_status":"closed","template":"","meta":{"footnotes":""},"_links":{"self":[{"href":"https:\/\/curimo.pt\/page\/wp-json\/wp\/v2\/pages\/1309"}],"collection":[{"href":"https:\/\/curimo.pt\/page\/wp-json\/wp\/v2\/pages"}],"about":[{"href":"https:\/\/curimo.pt\/page\/wp-json\/wp\/v2\/types\/page"}],"author":[{"embeddable":true,"href":"https:\/\/curimo.pt\/page\/wp-json\/wp\/v2\/users\/1"}],"replies":[{"embeddable":true,"href":"https:\/\/curimo.pt\/page\/wp-json\/wp\/v2\/comments?post=1309"}],"version-history":[{"count":23,"href":"https:\/\/curimo.pt\/page\/wp-json\/wp\/v2\/pages\/1309\/revisions"}],"predecessor-version":[{"id":1380,"href":"https:\/\/curimo.pt\/page\/wp-json\/wp\/v2\/pages\/1309\/revisions\/1380"}],"wp:attachment":[{"href":"https:\/\/curimo.pt\/page\/wp-json\/wp\/v2\/media?parent=1309"}],"curies":[{"name":"wp","href":"https:\/\/api.w.org\/{rel}","templated":true}]}}